{"id":779,"date":"2017-03-03T10:12:24","date_gmt":"2017-03-03T10:12:24","guid":{"rendered":"http:\/\/cafe-meier.at\/?page_id=779"},"modified":"2017-03-03T10:12:24","modified_gmt":"2017-03-03T10:12:24","slug":"impressum","status":"publish","type":"page","link":"https:\/\/cafe-meier.at\/?page_id=779","title":{"rendered":"Impressum"},"content":{"rendered":"<p><strong>Verantwortlich f\u00fcr den Inhalt:<\/strong><\/p>\n<p>Bernd Himmetsberger<\/p>\n<p>Informationspflicht lt. \u00a75 E-Commerce Gesetz, \u00a714 Unternehmensgesetzbuch bzw. \u00a763 Gewerbeordnung und Offenlegungspflicht lt. \u00a725 Mediengesetz<br \/>\n&gt;&gt; <a href=\"https:\/\/firmen.wko.at\/Web\/DetailsInfos.aspx?Suchbegriff=Cafe+am+Pfarrplatz+GmbH&#038;StandortName=Ober%C3%B6sterreich+%28Bundesland%29&#038;FirmaID=114ae35c-2e06-4489-a20d-e5af0e7b959d\">zum Link WKO<\/a><\/p>\n<p><strong>Auf dieser Seite eingesetzte Cookies:<\/strong><\/p>\n<p>Akismet<br \/>\nein Analysedienst von Automattic Inc. (Automattic). Akismet ana\u00adly\u00adsiert die Interaktionen aller Besucher auf dieser Website nach bestimmten Mustern, um unge\u00adwollte Eintr\u00e4ge, soge\u00adnannten Spam, dem Besitzer dieser Website anzu\u00adzeigen und gege\u00adbe\u00adnen\u00adfalls zu ent\u00adfernen.<\/p>\n<p><strong>Wo kann ich Cookies in meinem Browser ausschalten\/l\u00f6schen?<\/strong><\/p>\n<p>In den Einstellungen des Browsers k\u00f6nnen Cookies ausgeschaltet werden. Bereits gesetzte Cookies k\u00f6nnen \u00fcber die Funktion Chronik\/Verlauf l\u00f6schen (dort dann \u201eCookies\u201c ausw\u00e4hlen). Auf der Website http:\/\/www.aboutcookies.org\/ findet man genaue Anleitungen zum Ausschalten von Cookies in diversen Browsern.<\/p>\n","protected":false},"excerpt":{"rendered":"<p>Verantwortlich f\u00fcr den Inhalt: Bernd Himmetsberger Informationspflicht lt. \u00a75 E-Commerce Gesetz, \u00a714 Unternehmensgesetzbuch bzw. \u00a763 Gewerbeordnung und Offenlegungspflicht lt. \u00a725 Mediengesetz &gt;&gt; zum Link WKO Auf dieser Seite eingesetzte Cookies: Akismet ein Analysedienst von Automattic Inc. (Automattic). Akismet ana\u00adly\u00adsiert die Interaktionen aller Besucher auf dieser Website nach bestimmten Mustern, um unge\u00adwollte Eintr\u00e4ge, soge\u00adnannten Spam, dem [&hellip;]<\/p>\n","protected":false},"author":1,"featured_media":0,"parent":0,"menu_order":0,"comment_status":"closed","ping_status":"closed","template":"","meta":{"footnotes":""},"class_list":["post-779","page","type-page","status-publish","hentry"],"jetpack_sharing_enabled":true,"_links":{"self":[{"href":"https:\/\/cafe-meier.at\/index.php?rest_route=\/wp\/v2\/pages\/779","targetHints":{"allow":["GET"]}}],"collection":[{"href":"https:\/\/cafe-meier.at\/index.php?rest_route=\/wp\/v2\/pages"}],"about":[{"href":"https:\/\/cafe-meier.at\/index.php?rest_route=\/wp\/v2\/types\/page"}],"author":[{"embeddable":true,"href":"https:\/\/cafe-meier.at\/index.php?rest_route=\/wp\/v2\/users\/1"}],"replies":[{"embeddable":true,"href":"https:\/\/cafe-meier.at\/index.php?rest_route=%2Fwp%2Fv2%2Fcomments&post=779"}],"version-history":[{"count":0,"href":"https:\/\/cafe-meier.at\/index.php?rest_route=\/wp\/v2\/pages\/779\/revisions"}],"wp:attachment":[{"href":"https:\/\/cafe-meier.at\/index.php?rest_route=%2Fwp%2Fv2%2Fmedia&parent=779"}],"curies":[{"name":"wp","href":"https:\/\/api.w.org\/{rel}","templated":true}]}}