{"id":31,"date":"2014-12-09T12:53:00","date_gmt":"2014-12-09T10:53:00","guid":{"rendered":"http:\/\/kaffeemeier.wordpress.com\/?page_id=31"},"modified":"2025-08-14T12:17:35","modified_gmt":"2025-08-14T12:17:35","slug":"leseangebot","status":"publish","type":"page","link":"https:\/\/cafe-meier.at\/?page_id=31","title":{"rendered":"Zeitungen | Zeitschriften | B\u00fccher"},"content":{"rendered":"<p><strong>Tageszeitungen<\/strong><br \/>\nDer Standard, O\u00d6Nachrichten, Salzburger Nachrichten, Die Presse<\/p>\n<p><strong>Internationale Zeitungen<\/strong><br \/>\nS\u00fcddeutsche Zeitung, Frankfurter Allgemeine, Die Zeit, Neue Z\u00fcricher Zeitung<br \/>\nEl Pais, Le Monde, La Repubblica<\/p>\n<p><strong>Magazine<\/strong><br \/>\nProfil, Der Spiegel,\u00a0 geh\u00f6rt <em>\u00d61-Club-Magazin<\/em><\/p>\n<p><strong>Sonstige<\/strong><br \/>\nex nihilo <em>Astrologiezeitung der M\u00fcnchner Rythmenlehre<\/em><br \/>\nAsterix und Geohefte<\/p>\n<p><strong>Au\u00dferdem<\/strong> gibt es ein B\u00fccherregal:<br \/>\nIn der oberen Etage sind unsere eigenen B\u00fccher, frei nach dem Motto \u201equer durch den Gem\u00fcsegarten\u201c.<\/p>\n<p>&nbsp;<\/p>\n<p>Auf der Pfarrplatzseite befindet sich die:<\/p>\n<h2><strong>OFFIZIELLE BOOKCROSSING ZONE:<\/strong><\/h2>\n<h3><strong>OBCZ-Linz Cafe Meier<br \/>\n<\/strong><\/h3>\n<p><strong>Was ist eigentlich eine offizielle BookCrossing Zone?<\/strong><\/p>\n<p>Das ist ein eindeutig gekennzeichneter Bereich in einem Cafe, Restaurant, Laden, wo B\u00fccher unentgeltlich mitgenommen bzw. hinterlegt werden k\u00f6nnen. In der Regel handelt es sich hierbei um B\u00fccher, die bei <a href=\"http:\/\/www.bookcrossing.com\/\" target=\"_blank\" rel=\"noopener\">www.bookcrossing.com<\/a> registriert sind und somit eindeutig Hinweise auf BookCrossing haben: BCID sowie das Logo mit dem laufendem Buch.<\/p>\n<p><strong>Warum gibt es offizielle BookCrossing Zonen?<\/strong><br \/>\nBookCrossing hei\u00dft B\u00fccher freilassen. Doch so mancher BookCrosser m\u00f6chte seine B\u00fccher nicht einfach so in der Wildnis &#8222;aussetzen&#8220;. Daher werden offizielle BookCrossing Zonen (= OBCZ) gegr\u00fcndet, wo B\u00fccher in einer gewissen Obhut zur Verf\u00fcgung gestellt werden.<\/p>\n<p><strong>Wer betreut die BookCrossing Zonen?<br \/>\n<\/strong>In der Regel werden diese von den BookCrossern, die sie gegr\u00fcndet haben, betreut. Eine Liste von BookCrossing Zonen mit ihren Betreuern findest du unter <a href=\"http:\/\/www.bookcrossing.at\/\" target=\"_blank\" rel=\"noopener\">http:\/\/www.bookcrossing.at<\/a><\/p>\n<p><strong>Kann ich ein BookCrossing-Buch einfach so mitnehmen?<br \/>\n<\/strong>Aber sicher :-). Das ist letztendlich das Zweck von BookCrossing. Einfach mitnehmen und im Internet eine kurze Mitteilung schreiben (geht auch 100% anonym!), dass es dem Buch gut geht. BookCrosser, die B\u00fccher in einer OBCZ legen, freuen sich \u00fcber jede noch so kleine Nachricht. Wenn es gelesen ist, entweder wieder in einer OBCZ hinterlegen, einem Bekannten geben oder irgendwo freilassen.<\/p>\n<p><strong>Kann ich auch als (nicht-)BookCrosser B\u00fccher in einer OBCZ legen?<br \/>\n<\/strong>Selbstverst\u00e4ndlich :-). Denn je abwechslungsreicher das &#8222;Angebot&#8220; ist, um so mehr Spa\u00df macht eine OBCZ. Als BookCrosser registriert man die B\u00fccher zuerst auf <a href=\"http:\/\/www.bookcrossing.com\/\" target=\"_blank\" rel=\"noopener\">www.bookcrossing.com<\/a> und wer einfach so B\u00fccher in einer OBCZ legen m\u00f6chte, sollte diese B\u00fccher entsprechend kennzeichnen, sodass der Betreuer oder ein anderer BookCrosser diese B\u00fccher f\u00fcr Dich bei <a href=\"http:\/\/www.bookcrossing.com\/\" target=\"_blank\" rel=\"noopener\">www.bookcrossing.com<\/a> registriert.<\/p>\n<p>Besondere Hinweise zu dieser BookCrossing Zone:<br \/>\nNicht alle B\u00fccher die im Cafe Meier stehen sind BookCrossing-B\u00fccher! BookCrossing-B\u00fccher sind ausschlie\u00dflich die B\u00fccher, die sich im BookCrossing-Regal befinden. Zus\u00e4tzlich ist jedes Buch mit einem Aufkleber versehen, worauf in der Regel das BookCrossing-Logo zu sehen ist: Ein laufendes B\u00fcchlein. Au\u00dferdem gibt es eine BCID-Nummer, die au\u00dfen oder auf einer der ersten Seiten vermerkt ist.<\/p>\n<p>B\u00dcCHER DIE NICHT ENTSPRECHEND GEKENNZEICHNET SIND, GELTEN VORERST NICHT ALS BOOKCROSSING B\u00dcCHER!<\/p>\n<p>Nicht registrierte B\u00fccher die f\u00fcr BookCrossing gespendet werden, sollten als BookCrossing-B\u00fccher gekennzeichnet werden, damit es nicht zur Verwechslungen mit den B\u00fcchern, die das Cafe Meier selbst anbietet kommt.<\/p>\n<p><img loading=\"lazy\" decoding=\"async\" data-attachment-id=\"984\" data-permalink=\"https:\/\/cafe-meier.at\/?attachment_id=984#main\" data-orig-file=\"https:\/\/cafe-meier.at\/wp-content\/uploads\/2025\/08\/img_05.jpg\" data-orig-size=\"903,330\" data-comments-opened=\"1\" data-image-meta=\"{&quot;aperture&quot;:&quot;2.7&quot;,&quot;credit&quot;:&quot;&quot;,&quot;camera&quot;:&quot;Canon PowerShot S2 IS&quot;,&quot;caption&quot;:&quot;&quot;,&quot;created_timestamp&quot;:&quot;1171108000&quot;,&quot;copyright&quot;:&quot;&quot;,&quot;focal_length&quot;:&quot;6&quot;,&quot;iso&quot;:&quot;0&quot;,&quot;shutter_speed&quot;:&quot;0.016666666666667&quot;,&quot;title&quot;:&quot;&quot;,&quot;orientation&quot;:&quot;1&quot;}\" data-image-title=\"img_05\" data-image-description=\"\" data-image-caption=\"\" data-medium-file=\"https:\/\/cafe-meier.at\/wp-content\/uploads\/2025\/08\/img_05-300x110.jpg\" data-large-file=\"https:\/\/cafe-meier.at\/wp-content\/uploads\/2025\/08\/img_05.jpg\" class=\"alignnone size-full wp-image-984\" src=\"https:\/\/cafe-meier.at\/wp-content\/uploads\/2025\/08\/img_05.jpg\" alt=\"\" width=\"903\" height=\"330\" srcset=\"https:\/\/cafe-meier.at\/wp-content\/uploads\/2025\/08\/img_05.jpg 903w, https:\/\/cafe-meier.at\/wp-content\/uploads\/2025\/08\/img_05-300x110.jpg 300w, https:\/\/cafe-meier.at\/wp-content\/uploads\/2025\/08\/img_05-768x281.jpg 768w, https:\/\/cafe-meier.at\/wp-content\/uploads\/2025\/08\/img_05-695x254.jpg 695w, https:\/\/cafe-meier.at\/wp-content\/uploads\/2025\/08\/img_05-410x150.jpg 410w\" sizes=\"auto, (max-width: 903px) 100vw, 903px\" \/><\/p>\n<p>Viel Spa\u00df beim Lesen,<br \/>\nDie BetreuerInnen des OBCZ Linz<br \/>\nEligi und Zapperdockel<\/p>\n<p>&nbsp;<\/p>\n","protected":false},"excerpt":{"rendered":"<p>Tageszeitungen Der Standard, O\u00d6Nachrichten, Salzburger Nachrichten, Die Presse Internationale Zeitungen S\u00fcddeutsche Zeitung, Frankfurter Allgemeine, Die Zeit, Neue Z\u00fcricher Zeitung El Pais, Le Monde, La Repubblica Magazine Profil, Der Spiegel,\u00a0 geh\u00f6rt \u00d61-Club-Magazin Sonstige ex nihilo Astrologiezeitung der M\u00fcnchner Rythmenlehre Asterix und Geohefte Au\u00dferdem gibt es ein B\u00fccherregal: In der oberen Etage sind unsere eigenen B\u00fccher, frei [&hellip;]<\/p>\n","protected":false},"author":1,"featured_media":0,"parent":0,"menu_order":0,"comment_status":"closed","ping_status":"closed","template":"","meta":{"footnotes":""},"class_list":["post-31","page","type-page","status-publish","hentry"],"jetpack_sharing_enabled":true,"_links":{"self":[{"href":"https:\/\/cafe-meier.at\/index.php?rest_route=\/wp\/v2\/pages\/31","targetHints":{"allow":["GET"]}}],"collection":[{"href":"https:\/\/cafe-meier.at\/index.php?rest_route=\/wp\/v2\/pages"}],"about":[{"href":"https:\/\/cafe-meier.at\/index.php?rest_route=\/wp\/v2\/types\/page"}],"author":[{"embeddable":true,"href":"https:\/\/cafe-meier.at\/index.php?rest_route=\/wp\/v2\/users\/1"}],"replies":[{"embeddable":true,"href":"https:\/\/cafe-meier.at\/index.php?rest_route=%2Fwp%2Fv2%2Fcomments&post=31"}],"version-history":[{"count":3,"href":"https:\/\/cafe-meier.at\/index.php?rest_route=\/wp\/v2\/pages\/31\/revisions"}],"predecessor-version":[{"id":988,"href":"https:\/\/cafe-meier.at\/index.php?rest_route=\/wp\/v2\/pages\/31\/revisions\/988"}],"wp:attachment":[{"href":"https:\/\/cafe-meier.at\/index.php?rest_route=%2Fwp%2Fv2%2Fmedia&parent=31"}],"curies":[{"name":"wp","href":"https:\/\/api.w.org\/{rel}","templated":true}]}}