{"id":132,"date":"2014-12-09T19:12:59","date_gmt":"2014-12-09T17:12:59","guid":{"rendered":"http:\/\/kaffeemeier.wordpress.com\/?page_id=132"},"modified":"2025-08-15T15:07:50","modified_gmt":"2025-08-15T15:07:50","slug":"jobs","status":"publish","type":"page","link":"https:\/\/cafe-meier.at\/?page_id=132","title":{"rendered":"Jobs"},"content":{"rendered":"<p>Wir vergeben eine Lehrstelle f\u00fcr einen Gastronomiefachmann, m.\/w., (=ehem. Koch-Kellner Doppellehre), Ausbildungsdauer 4 Jahre, Voraussetzung sind gute Deutschkenntnisse, auch \u00e4ltere Jugendliche und Schulabbrecher k\u00f6nnen sich gerne bewerben.<\/p>\n<p>Bewerbungen bitte schriftlich mit den \u00fcblichen Unterlagen (Lebenslauf, Zeugnis, Foto).<\/p>\n<p>Mail an:\u00a0<a href=\"mailto:Cafe-Meier@gmx.at\">Cafe-Meier@gmx.at<\/a><\/p>\n","protected":false},"excerpt":{"rendered":"<p>Wir vergeben eine Lehrstelle f\u00fcr einen Gastronomiefachmann, m.\/w., (=ehem. Koch-Kellner Doppellehre), Ausbildungsdauer 4 Jahre, Voraussetzung sind gute Deutschkenntnisse, auch \u00e4ltere Jugendliche und Schulabbrecher k\u00f6nnen sich gerne bewerben. Bewerbungen bitte schriftlich mit den \u00fcblichen Unterlagen (Lebenslauf, Zeugnis, Foto). Mail an:\u00a0Cafe-Meier@gmx.at<\/p>\n","protected":false},"author":1,"featured_media":0,"parent":0,"menu_order":0,"comment_status":"closed","ping_status":"closed","template":"","meta":{"footnotes":""},"class_list":["post-132","page","type-page","status-publish","hentry"],"jetpack_sharing_enabled":true,"_links":{"self":[{"href":"https:\/\/cafe-meier.at\/index.php?rest_route=\/wp\/v2\/pages\/132","targetHints":{"allow":["GET"]}}],"collection":[{"href":"https:\/\/cafe-meier.at\/index.php?rest_route=\/wp\/v2\/pages"}],"about":[{"href":"https:\/\/cafe-meier.at\/index.php?rest_route=\/wp\/v2\/types\/page"}],"author":[{"embeddable":true,"href":"https:\/\/cafe-meier.at\/index.php?rest_route=\/wp\/v2\/users\/1"}],"replies":[{"embeddable":true,"href":"https:\/\/cafe-meier.at\/index.php?rest_route=%2Fwp%2Fv2%2Fcomments&post=132"}],"version-history":[{"count":1,"href":"https:\/\/cafe-meier.at\/index.php?rest_route=\/wp\/v2\/pages\/132\/revisions"}],"predecessor-version":[{"id":1047,"href":"https:\/\/cafe-meier.at\/index.php?rest_route=\/wp\/v2\/pages\/132\/revisions\/1047"}],"wp:attachment":[{"href":"https:\/\/cafe-meier.at\/index.php?rest_route=%2Fwp%2Fv2%2Fmedia&parent=132"}],"curies":[{"name":"wp","href":"https:\/\/api.w.org\/{rel}","templated":true}]}}